{"id":31,"date":"2014-02-19T22:07:32","date_gmt":"2014-02-19T20:07:32","guid":{"rendered":"http:\/\/kuenstlerinderschule.amazes.de\/?page_id=31"},"modified":"2015-04-15T15:29:18","modified_gmt":"2015-04-15T13:29:18","slug":"kuenstler-in-der-schule-kids-was-ist-das","status":"publish","type":"page","link":"https:\/\/kuenstlerinderschule.amazes.de\/?page_id=31","title":{"rendered":"K\u00fcnstler in der Schule (KidS)"},"content":{"rendered":"<p><span style=\"color: #808000;\"><strong>2008 \u00a0habe \u00a0ich \u00a0das \u00a0Projekt \u00a0\u201cK\u00fcnster \u00a0in \u00a0der \u00a0Schule \u00a0- (KidS)\u201d \u00a0 initiiert<\/strong><\/span><\/p>\n<p><a href=\"https:\/\/i0.wp.com\/kuenstlerinderschule.amazes.de\/wp-content\/uploads\/2014\/02\/IMG_1325.jpg\"><img data-recalc-dims=\"1\" loading=\"lazy\" decoding=\"async\" data-attachment-id=\"188\" data-permalink=\"https:\/\/kuenstlerinderschule.amazes.de\/?attachment_id=188\" data-orig-file=\"https:\/\/i0.wp.com\/kuenstlerinderschule.amazes.de\/wp-content\/uploads\/2014\/02\/IMG_1325.jpg?fit=640%2C480&amp;ssl=1\" data-orig-size=\"640,480\" data-comments-opened=\"1\" data-image-meta=\"{&quot;aperture&quot;:&quot;2.4&quot;,&quot;credit&quot;:&quot;&quot;,&quot;camera&quot;:&quot;iPhone 4S&quot;,&quot;caption&quot;:&quot;&quot;,&quot;created_timestamp&quot;:&quot;1400005319&quot;,&quot;copyright&quot;:&quot;&quot;,&quot;focal_length&quot;:&quot;1.85&quot;,&quot;iso&quot;:&quot;160&quot;,&quot;shutter_speed&quot;:&quot;0.016666666666667&quot;,&quot;title&quot;:&quot;&quot;}\" data-image-title=\"IMG_1325\" data-image-description=\"\" data-image-caption=\"\" data-large-file=\"https:\/\/i0.wp.com\/kuenstlerinderschule.amazes.de\/wp-content\/uploads\/2014\/02\/IMG_1325.jpg?fit=625%2C469&amp;ssl=1\" class=\"alignnone size-medium wp-image-188\" src=\"https:\/\/i0.wp.com\/kuenstlerinderschule.amazes.de\/wp-content\/uploads\/2014\/02\/IMG_1325-300x225.jpg?resize=300%2C225\" alt=\"IMG_1325\" width=\"300\" height=\"225\" srcset=\"https:\/\/i0.wp.com\/kuenstlerinderschule.amazes.de\/wp-content\/uploads\/2014\/02\/IMG_1325.jpg?resize=300%2C225&amp;ssl=1 300w, https:\/\/i0.wp.com\/kuenstlerinderschule.amazes.de\/wp-content\/uploads\/2014\/02\/IMG_1325.jpg?w=640&amp;ssl=1 640w\" sizes=\"auto, (max-width: 300px) 100vw, 300px\" \/><\/a><a href=\"https:\/\/i0.wp.com\/kuenstlerinderschule.amazes.de\/wp-content\/uploads\/2014\/07\/IMG_8953.jpg\"><img data-recalc-dims=\"1\" loading=\"lazy\" decoding=\"async\" data-attachment-id=\"873\" data-permalink=\"https:\/\/kuenstlerinderschule.amazes.de\/?attachment_id=873\" data-orig-file=\"https:\/\/i0.wp.com\/kuenstlerinderschule.amazes.de\/wp-content\/uploads\/2014\/07\/IMG_8953.jpg?fit=3264%2C2448&amp;ssl=1\" data-orig-size=\"3264,2448\" data-comments-opened=\"1\" data-image-meta=\"{&quot;aperture&quot;:&quot;2.8&quot;,&quot;credit&quot;:&quot;&quot;,&quot;camera&quot;:&quot;Canon DIGITAL IXUS 80 IS&quot;,&quot;caption&quot;:&quot;&quot;,&quot;created_timestamp&quot;:&quot;1303502896&quot;,&quot;copyright&quot;:&quot;&quot;,&quot;focal_length&quot;:&quot;6.2&quot;,&quot;iso&quot;:&quot;125&quot;,&quot;shutter_speed&quot;:&quot;0.0125&quot;,&quot;title&quot;:&quot;&quot;}\" data-image-title=\"IMG_8953\" data-image-description=\"\" data-image-caption=\"\" data-large-file=\"https:\/\/i0.wp.com\/kuenstlerinderschule.amazes.de\/wp-content\/uploads\/2014\/07\/IMG_8953.jpg?fit=625%2C469&amp;ssl=1\" class=\"alignnone size-medium wp-image-873\" src=\"https:\/\/i0.wp.com\/kuenstlerinderschule.amazes.de\/wp-content\/uploads\/2014\/07\/IMG_8953-300x225.jpg?resize=300%2C225\" alt=\"IMG_8953\" width=\"300\" height=\"225\" srcset=\"https:\/\/i0.wp.com\/kuenstlerinderschule.amazes.de\/wp-content\/uploads\/2014\/07\/IMG_8953.jpg?resize=300%2C225&amp;ssl=1 300w, https:\/\/i0.wp.com\/kuenstlerinderschule.amazes.de\/wp-content\/uploads\/2014\/07\/IMG_8953.jpg?resize=1024%2C768&amp;ssl=1 1024w, https:\/\/i0.wp.com\/kuenstlerinderschule.amazes.de\/wp-content\/uploads\/2014\/07\/IMG_8953.jpg?resize=960%2C720&amp;ssl=1 960w, https:\/\/i0.wp.com\/kuenstlerinderschule.amazes.de\/wp-content\/uploads\/2014\/07\/IMG_8953.jpg?w=1250&amp;ssl=1 1250w, https:\/\/i0.wp.com\/kuenstlerinderschule.amazes.de\/wp-content\/uploads\/2014\/07\/IMG_8953.jpg?w=1875&amp;ssl=1 1875w\" sizes=\"auto, (max-width: 300px) 100vw, 300px\" \/><\/a><\/p>\n<p style=\"text-align: justify;\"><span style=\"color: #808000;\">\u2026. und bin gl\u00fccklich, meine T\u00e4tigkeit\u00a0als Dozentin an der Hochschule f\u00fcr Bildende K\u00fcnste (HBK -2008 bis 2013)\u00a0und als freie K\u00fcnstlerin mit meiner Aufgabe als\u00a0Kunstlehrerin (seit 2004) am Gymnasium Christophorusschule verbinden\u00a0zu k\u00f6nnen.\u00a0Denn ich arbeite mit rund 50 Sch\u00fclern der 5. Klassen am Gymnasium Christophorusschule des\u00a0CJD Braunschweig in jedem Schuljahr an verschiedenen Kunstprojekten:<\/span><\/p>\n<p style=\"text-align: justify;\"><span style=\"color: #808000;\">Angefangen bei Bildender- bis hin zu Klangkunst.\u00a0Daf\u00fcr kommen jedes Jahr verschiedene K\u00fcnstler zu mir in den Unterricht. Gemeinsam mit den Kindern arbeiten sie an Exponaten.<\/span><\/p>\n<p style=\"text-align: justify;\"><span style=\"color: #808000;\">Durch meine k\u00fcnstlerischen Aktivit\u00e4ten in Brasilien ist ein Kontakt mit der \"casa do rio\" am Amazonas zustande gekommen. Dadurch entwickelte sich eine Verbindung mit den Riberinhos (Flussbewohner) am Rio Tupana. Ich engagierte\u00a0mich dort\u00a0f\u00fcr die Verbesserung der Bildungschancen der Kinder.\u00a0Dies brachte mich auf die Idee \"K\u00fcnstler in der Schule\" im Austausch beider Lebenswelten zu realisieren. Auch wenn der Blick der Kinder auf ihre jeweiligen Lebenswelten begrenzt ist, gibt der Austausch an Informationen mit der Zeit den Blick auf eine Welt, unsere Welt frei.<\/span><\/p>\n<hr \/>\n<p style=\"text-align: justify;\"><span style=\"color: #ff9900;\"><em><strong>K\u00fcnstler in der Schule 2014<\/strong> ist eine Kooperation zwischen der <strong>Christophorusschule<\/strong>, (Angela Gelhaar und Anja Floh\u00e9),<strong> \u201ccasa do rio\u201d<\/strong> \u2013 Amazonas-Brasilien (Simone Donha und Thiago Cavalli Azambuja), dem <strong>Kunstverein Braunschweig<\/strong> (Nina Mende), des <strong>Staatsorchesters Braunschweig<\/strong> (Konzertp\u00e4dagogik - Franziska Pester und Melissa Le\u00e3o) und der <strong>Hochschule f\u00fcr Bildende K\u00fcnste Braunschweig<\/strong>\u00a0 (Philipp Frackmann).<\/em><\/span><\/p>\n<p style=\"text-align: justify;\"><a href=\"https:\/\/i0.wp.com\/kuenstlerinderschule.amazes.de\/wp-content\/uploads\/2014\/06\/Logos-nebeneinander.jpg\"><img data-recalc-dims=\"1\" loading=\"lazy\" decoding=\"async\" data-attachment-id=\"687\" data-permalink=\"https:\/\/kuenstlerinderschule.amazes.de\/?attachment_id=687\" data-orig-file=\"https:\/\/i0.wp.com\/kuenstlerinderschule.amazes.de\/wp-content\/uploads\/2014\/06\/Logos-nebeneinander.jpg?fit=2480%2C354&amp;ssl=1\" data-orig-size=\"2480,354\" data-comments-opened=\"1\" data-image-meta=\"{&quot;aperture&quot;:&quot;0&quot;,&quot;credit&quot;:&quot;&quot;,&quot;camera&quot;:&quot;&quot;,&quot;caption&quot;:&quot;&quot;,&quot;created_timestamp&quot;:&quot;0&quot;,&quot;copyright&quot;:&quot;&quot;,&quot;focal_length&quot;:&quot;0&quot;,&quot;iso&quot;:&quot;0&quot;,&quot;shutter_speed&quot;:&quot;0&quot;,&quot;title&quot;:&quot;&quot;}\" data-image-title=\"Logos nebeneinander\" data-image-description=\"\" data-image-caption=\"\" data-large-file=\"https:\/\/i0.wp.com\/kuenstlerinderschule.amazes.de\/wp-content\/uploads\/2014\/06\/Logos-nebeneinander.jpg?fit=625%2C89&amp;ssl=1\" class=\"alignnone wp-image-687 size-full\" src=\"https:\/\/i0.wp.com\/kuenstlerinderschule.amazes.de\/wp-content\/uploads\/2014\/06\/Logos-nebeneinander.jpg?resize=625%2C89\" alt=\"Logos nebeneinander\" width=\"625\" height=\"89\" srcset=\"https:\/\/i0.wp.com\/kuenstlerinderschule.amazes.de\/wp-content\/uploads\/2014\/06\/Logos-nebeneinander.jpg?w=2480&amp;ssl=1 2480w, https:\/\/i0.wp.com\/kuenstlerinderschule.amazes.de\/wp-content\/uploads\/2014\/06\/Logos-nebeneinander.jpg?resize=300%2C42&amp;ssl=1 300w, https:\/\/i0.wp.com\/kuenstlerinderschule.amazes.de\/wp-content\/uploads\/2014\/06\/Logos-nebeneinander.jpg?resize=1024%2C146&amp;ssl=1 1024w, https:\/\/i0.wp.com\/kuenstlerinderschule.amazes.de\/wp-content\/uploads\/2014\/06\/Logos-nebeneinander.jpg?resize=960%2C137&amp;ssl=1 960w, https:\/\/i0.wp.com\/kuenstlerinderschule.amazes.de\/wp-content\/uploads\/2014\/06\/Logos-nebeneinander.jpg?w=1250&amp;ssl=1 1250w, https:\/\/i0.wp.com\/kuenstlerinderschule.amazes.de\/wp-content\/uploads\/2014\/06\/Logos-nebeneinander.jpg?w=1875&amp;ssl=1 1875w\" sizes=\"auto, (max-width: 625px) 100vw, 625px\" \/><\/a><\/p>\n","protected":false},"excerpt":{"rendered":"<p>2008 \u00a0habe \u00a0ich \u00a0das \u00a0Projekt \u00a0\u201cK\u00fcnster \u00a0in \u00a0der \u00a0Schule \u00a0- (KidS)\u201d \u00a0 initiiert \u2026. und bin gl\u00fccklich, meine T\u00e4tigkeit\u00a0als Dozentin an der Hochschule f\u00fcr Bildende K\u00fcnste (HBK -2008 bis 2013)\u00a0und als freie K\u00fcnstlerin mit meiner Aufgabe als\u00a0Kunstlehrerin (seit 2004) am Gymnasium Christophorusschule verbinden\u00a0zu k\u00f6nnen.\u00a0Denn ich arbeite mit rund 50 Sch\u00fclern der 5. Klassen am Gymnasium <a class=\"read-more\" href=\"https:\/\/kuenstlerinderschule.amazes.de\/?page_id=31\">... weiterlesen <span class=\"meta-nav\">&rarr;<\/span><\/a><\/p>\n","protected":false},"author":3,"featured_media":0,"parent":0,"menu_order":0,"comment_status":"closed","ping_status":"closed","template":"","meta":{"footnotes":""},"class_list":["post-31","page","type-page","status-publish","hentry"],"jetpack_shortlink":"https:\/\/wp.me\/P4HEU5-v","jetpack_sharing_enabled":true,"_links":{"self":[{"href":"https:\/\/kuenstlerinderschule.amazes.de\/index.php?rest_route=\/wp\/v2\/pages\/31","targetHints":{"allow":["GET"]}}],"collection":[{"href":"https:\/\/kuenstlerinderschule.amazes.de\/index.php?rest_route=\/wp\/v2\/pages"}],"about":[{"href":"https:\/\/kuenstlerinderschule.amazes.de\/index.php?rest_route=\/wp\/v2\/types\/page"}],"author":[{"embeddable":true,"href":"https:\/\/kuenstlerinderschule.amazes.de\/index.php?rest_route=\/wp\/v2\/users\/3"}],"replies":[{"embeddable":true,"href":"https:\/\/kuenstlerinderschule.amazes.de\/index.php?rest_route=%2Fwp%2Fv2%2Fcomments&post=31"}],"version-history":[{"count":20,"href":"https:\/\/kuenstlerinderschule.amazes.de\/index.php?rest_route=\/wp\/v2\/pages\/31\/revisions"}],"predecessor-version":[{"id":1154,"href":"https:\/\/kuenstlerinderschule.amazes.de\/index.php?rest_route=\/wp\/v2\/pages\/31\/revisions\/1154"}],"wp:attachment":[{"href":"https:\/\/kuenstlerinderschule.amazes.de\/index.php?rest_route=%2Fwp%2Fv2%2Fmedia&parent=31"}],"curies":[{"name":"wp","href":"https:\/\/api.w.org\/{rel}","templated":true}]}}

Künstler in der Schule (KidS)

<p><span style="color: #808000;"><strong>2008  habe  ich  das  Projekt  “Künster  in  der  Schule  - (KidS)”   initiiert</strong></span></p>
<p><a href="https://i0.wp.com/kuenstlerinderschule.amazes.de/wp-content/uploads/2014/02/IMG_1325.jpg"><img data-recalc-dims="1" loading="lazy" decoding="async" data-attachment-id="188" data-permalink="https://kuenstlerinderschule.amazes.de/?attachment_id=188" data-orig-file="https://i0.wp.com/kuenstlerinderschule.amazes.de/wp-content/uploads/2014/02/IMG_1325.jpg?fit=640%2C480&amp;ssl=1" data-orig-size="640,480" data-comments-opened="1" data-image-meta="{&quot;aperture&quot;:&quot;2.4&quot;,&quot;credit&quot;:&quot;&quot;,&quot;camera&quot;:&quot;iPhone 4S&quot;,&quot;caption&quot;:&quot;&quot;,&quot;created_timestamp&quot;:&quot;1400005319&quot;,&quot;copyright&quot;:&quot;&quot;,&quot;focal_length&quot;:&quot;1.85&quot;,&quot;iso&quot;:&quot;160&quot;,&quot;shutter_speed&quot;:&quot;0.016666666666667&quot;,&quot;title&quot;:&quot;&quot;}" data-image-title="IMG_1325" data-image-description="" data-image-caption="" data-large-file="https://i0.wp.com/kuenstlerinderschule.amazes.de/wp-content/uploads/2014/02/IMG_1325.jpg?fit=625%2C469&amp;ssl=1" class="alignnone size-medium wp-image-188" src="https://i0.wp.com/kuenstlerinderschule.amazes.de/wp-content/uploads/2014/02/IMG_1325-300x225.jpg?resize=300%2C225" alt="IMG_1325" width="300" height="225" srcset="https://i0.wp.com/kuenstlerinderschule.amazes.de/wp-content/uploads/2014/02/IMG_1325.jpg?resize=300%2C225&amp;ssl=1 300w, https://i0.wp.com/kuenstlerinderschule.amazes.de/wp-content/uploads/2014/02/IMG_1325.jpg?w=640&amp;ssl=1 640w" sizes="auto, (max-width: 300px) 100vw, 300px" /></a><a href="https://i0.wp.com/kuenstlerinderschule.amazes.de/wp-content/uploads/2014/07/IMG_8953.jpg"><img data-recalc-dims="1" loading="lazy" decoding="async" data-attachment-id="873" data-permalink="https://kuenstlerinderschule.amazes.de/?attachment_id=873" data-orig-file="https://i0.wp.com/kuenstlerinderschule.amazes.de/wp-content/uploads/2014/07/IMG_8953.jpg?fit=3264%2C2448&amp;ssl=1" data-orig-size="3264,2448" data-comments-opened="1" data-image-meta="{&quot;aperture&quot;:&quot;2.8&quot;,&quot;credit&quot;:&quot;&quot;,&quot;camera&quot;:&quot;Canon DIGITAL IXUS 80 IS&quot;,&quot;caption&quot;:&quot;&quot;,&quot;created_timestamp&quot;:&quot;1303502896&quot;,&quot;copyright&quot;:&quot;&quot;,&quot;focal_length&quot;:&quot;6.2&quot;,&quot;iso&quot;:&quot;125&quot;,&quot;shutter_speed&quot;:&quot;0.0125&quot;,&quot;title&quot;:&quot;&quot;}" data-image-title="IMG_8953" data-image-description="" data-image-caption="" data-large-file="https://i0.wp.com/kuenstlerinderschule.amazes.de/wp-content/uploads/2014/07/IMG_8953.jpg?fit=625%2C469&amp;ssl=1" class="alignnone size-medium wp-image-873" src="https://i0.wp.com/kuenstlerinderschule.amazes.de/wp-content/uploads/2014/07/IMG_8953-300x225.jpg?resize=300%2C225" alt="IMG_8953" width="300" height="225" srcset="https://i0.wp.com/kuenstlerinderschule.amazes.de/wp-content/uploads/2014/07/IMG_8953.jpg?resize=300%2C225&amp;ssl=1 300w, https://i0.wp.com/kuenstlerinderschule.amazes.de/wp-content/uploads/2014/07/IMG_8953.jpg?resize=1024%2C768&amp;ssl=1 1024w, https://i0.wp.com/kuenstlerinderschule.amazes.de/wp-content/uploads/2014/07/IMG_8953.jpg?resize=960%2C720&amp;ssl=1 960w, https://i0.wp.com/kuenstlerinderschule.amazes.de/wp-content/uploads/2014/07/IMG_8953.jpg?w=1250&amp;ssl=1 1250w, https://i0.wp.com/kuenstlerinderschule.amazes.de/wp-content/uploads/2014/07/IMG_8953.jpg?w=1875&amp;ssl=1 1875w" sizes="auto, (max-width: 300px) 100vw, 300px" /></a></p>
<p style="text-align: justify;"><span style="color: #808000;">…. und bin glücklich, meine Tätigkeit als Dozentin an der Hochschule für Bildende Künste (HBK -2008 bis 2013) und als freie Künstlerin mit meiner Aufgabe als Kunstlehrerin (seit 2004) am Gymnasium Christophorusschule verbinden zu können. Denn ich arbeite mit rund 50 Schülern der 5. Klassen am Gymnasium Christophorusschule des CJD Braunschweig in jedem Schuljahr an verschiedenen Kunstprojekten:</span></p>
<p style="text-align: justify;"><span style="color: #808000;">Angefangen bei Bildender- bis hin zu Klangkunst. Dafür kommen jedes Jahr verschiedene Künstler zu mir in den Unterricht. Gemeinsam mit den Kindern arbeiten sie an Exponaten.</span></p>
<p style="text-align: justify;"><span style="color: #808000;">Durch meine künstlerischen Aktivitäten in Brasilien ist ein Kontakt mit der "casa do rio" am Amazonas zustande gekommen. Dadurch entwickelte sich eine Verbindung mit den Riberinhos (Flussbewohner) am Rio Tupana. Ich engagierte mich dort für die Verbesserung der Bildungschancen der Kinder. Dies brachte mich auf die Idee "Künstler in der Schule" im Austausch beider Lebenswelten zu realisieren. Auch wenn der Blick der Kinder auf ihre jeweiligen Lebenswelten begrenzt ist, gibt der Austausch an Informationen mit der Zeit den Blick auf eine Welt, unsere Welt frei.</span></p>
<hr />
<p style="text-align: justify;"><span style="color: #ff9900;"><em><strong>Künstler in der Schule 2014</strong> ist eine Kooperation zwischen der <strong>Christophorusschule</strong>, (Angela Gelhaar und Anja Flohé),<strong> “casa do rio”</strong> – Amazonas-Brasilien (Simone Donha und Thiago Cavalli Azambuja), dem <strong>Kunstverein Braunschweig</strong> (Nina Mende), des <strong>Staatsorchesters Braunschweig</strong> (Konzertpädagogik - Franziska Pester und Melissa Leão) und der <strong>Hochschule für Bildende Künste Braunschweig</strong>  (Philipp Frackmann).</em></span></p>
<p style="text-align: justify;"><a href="https://i0.wp.com/kuenstlerinderschule.amazes.de/wp-content/uploads/2014/06/Logos-nebeneinander.jpg"><img data-recalc-dims="1" loading="lazy" decoding="async" data-attachment-id="687" data-permalink="https://kuenstlerinderschule.amazes.de/?attachment_id=687" data-orig-file="https://i0.wp.com/kuenstlerinderschule.amazes.de/wp-content/uploads/2014/06/Logos-nebeneinander.jpg?fit=2480%2C354&amp;ssl=1" data-orig-size="2480,354" data-comments-opened="1" data-image-meta="{&quot;aperture&quot;:&quot;0&quot;,&quot;credit&quot;:&quot;&quot;,&quot;camera&quot;:&quot;&quot;,&quot;caption&quot;:&quot;&quot;,&quot;created_timestamp&quot;:&quot;0&quot;,&quot;copyright&quot;:&quot;&quot;,&quot;focal_length&quot;:&quot;0&quot;,&quot;iso&quot;:&quot;0&quot;,&quot;shutter_speed&quot;:&quot;0&quot;,&quot;title&quot;:&quot;&quot;}" data-image-title="Logos nebeneinander" data-image-description="" data-image-caption="" data-large-file="https://i0.wp.com/kuenstlerinderschule.amazes.de/wp-content/uploads/2014/06/Logos-nebeneinander.jpg?fit=625%2C89&amp;ssl=1" class="alignnone wp-image-687 size-full" src="https://i0.wp.com/kuenstlerinderschule.amazes.de/wp-content/uploads/2014/06/Logos-nebeneinander.jpg?resize=625%2C89" alt="Logos nebeneinander" width="625" height="89" srcset="https://i0.wp.com/kuenstlerinderschule.amazes.de/wp-content/uploads/2014/06/Logos-nebeneinander.jpg?w=2480&amp;ssl=1 2480w, https://i0.wp.com/kuenstlerinderschule.amazes.de/wp-content/uploads/2014/06/Logos-nebeneinander.jpg?resize=300%2C42&amp;ssl=1 300w, https://i0.wp.com/kuenstlerinderschule.amazes.de/wp-content/uploads/2014/06/Logos-nebeneinander.jpg?resize=1024%2C146&amp;ssl=1 1024w, https://i0.wp.com/kuenstlerinderschule.amazes.de/wp-content/uploads/2014/06/Logos-nebeneinander.jpg?resize=960%2C137&amp;ssl=1 960w, https://i0.wp.com/kuenstlerinderschule.amazes.de/wp-content/uploads/2014/06/Logos-nebeneinander.jpg?w=1250&amp;ssl=1 1250w, https://i0.wp.com/kuenstlerinderschule.amazes.de/wp-content/uploads/2014/06/Logos-nebeneinander.jpg?w=1875&amp;ssl=1 1875w" sizes="auto, (max-width: 625px) 100vw, 625px" /></a></p>

<p>2008  habe  ich  das  Projekt  “Künster  in  der  Schule  - (KidS)”   initiiert …. und bin glücklich, meine Tätigkeit als Dozentin an der Hochschule für Bildende Künste (HBK -2008 bis 2013) und als freie Künstlerin mit meiner Aufgabe als Kunstlehrerin (seit 2004) am Gymnasium Christophorusschule verbinden zu können. Denn ich arbeite mit rund 50 Schülern der 5. Klassen am Gymnasium <a class="read-more" href="https://kuenstlerinderschule.amazes.de/?page_id=31">... weiterlesen <span class="meta-nav">&rarr;</span></a></p>
